{"id":31954,"date":"2025-11-19T23:33:35","date_gmt":"2025-11-19T20:33:35","guid":{"rendered":"https:\/\/stileuropa.com\/product\/mass-kleiderschrank-xl-9-tueren\/"},"modified":"2025-04-15T20:58:31","modified_gmt":"2025-04-15T17:58:31","slug":"mass-kleiderschrank-xl-9-tueren","status":"publish","type":"product","link":"https:\/\/stileuropa.com\/de\/produkt\/mass-kleiderschrank-xl-9-tueren\/","title":{"rendered":"Mass Kleiderschrank XL, 9 T\u00fcren"},"content":{"rendered":"<p>Das umfangreiche Produktsortiment von Stileuropa vereint Stil und Komfort und spricht jeden Wohnbereich an. Luxuri\u00f6se Sofas, Betten, Bettk\u00e4sten, Kleiderschr\u00e4nke und Tische werden aus hochwertigen Materialien hergestellt und zeichnen sich durch ihre langlebige Haltbarkeit aus. Unsere Produkte werden auf Bestellung gefertigt, in dem Bewusstsein, dass jede Bestellung eine neue Reise bedeutet. Alle unsere Produkte werden innerhalb von 3-5 Wochen nach Ihrer Bestellung mit kostenlosem Versand und Montage direkt zu Ihnen nach Hause geliefert. Bei Stileuropa sind wir stolz darauf, die besten Materialien und Designs anzubieten, um Ihre Wohnr\u00e4ume zu versch\u00f6nern.<\/p>\n","protected":false},"excerpt":{"rendered":"<p>Mass Kleiderschrank 6 T\u00fcren besteht aus einem Vier-T\u00fcren-, einem Zwei-T\u00fcren-, zwei Einzelt\u00fcr- und einem Eckmodul.<\/p>\n","protected":false},"featured_media":7287,"comment_status":"open","ping_status":"open","template":"","meta":[],"product_brand":[],"product_cat":[349,345],"product_tag":[],"class_list":{"0":"post-31954","1":"product","2":"type-product","3":"status-publish","4":"has-post-thumbnail","6":"product_cat-kleiderschrank","7":"product_cat-schlafzimmer","9":"first","10":"instock","11":"product-type-grouped"},"yoast_head":"<!-- This site is optimized with the Yoast SEO plugin v24.9 - https:\/\/yoast.com\/wordpress\/plugins\/seo\/ -->\n<title>Mass Kleiderschrank XL, 9 T\u00fcren - StilEuropa<\/title>\n<meta name=\"robots\" content=\"index, follow, max-snippet:-1, max-image-preview:large, max-video-preview:-1\" \/>\n<link rel=\"canonical\" href=\"https:\/\/stileuropa.com\/de\/produkt\/mass-kleiderschrank-xl-9-tueren\/\" \/>\n<meta property=\"og:locale\" content=\"de_DE\" \/>\n<meta property=\"og:type\" content=\"article\" \/>\n<meta property=\"og:title\" content=\"Mass Kleiderschrank XL, 9 T\u00fcren - StilEuropa\" \/>\n<meta property=\"og:description\" content=\"Mass Kleiderschrank 6 T\u00fcren besteht aus einem Vier-T\u00fcren-, einem Zwei-T\u00fcren-, zwei Einzelt\u00fcr- und einem Eckmodul.\" \/>\n<meta property=\"og:url\" content=\"https:\/\/stileuropa.com\/de\/produkt\/mass-kleiderschrank-xl-9-tueren\/\" \/>\n<meta property=\"og:site_name\" content=\"StilEuropa\" \/>\n<meta property=\"og:image\" content=\"https:\/\/stileuropa.com\/wp-content\/uploads\/2024\/08\/SEY000019-1.webp\" \/>\n\t<meta property=\"og:image:width\" content=\"1600\" \/>\n\t<meta property=\"og:image:height\" content=\"1066\" \/>\n\t<meta property=\"og:image:type\" content=\"image\/webp\" \/>\n<meta name=\"twitter:card\" content=\"summary_large_image\" \/>\n<script type=\"application\/ld+json\" class=\"yoast-schema-graph\">{\"@context\":\"https:\/\/schema.org\",\"@graph\":[{\"@type\":\"WebPage\",\"@id\":\"https:\/\/stileuropa.com\/de\/produkt\/mass-kleiderschrank-xl-9-tueren\/\",\"url\":\"https:\/\/stileuropa.com\/de\/produkt\/mass-kleiderschrank-xl-9-tueren\/\",\"name\":\"Mass Kleiderschrank XL, 9 T\u00fcren - StilEuropa\",\"isPartOf\":{\"@id\":\"https:\/\/stileuropa.com\/#website\"},\"primaryImageOfPage\":{\"@id\":\"https:\/\/stileuropa.com\/de\/produkt\/mass-kleiderschrank-xl-9-tueren\/#primaryimage\"},\"image\":{\"@id\":\"https:\/\/stileuropa.com\/de\/produkt\/mass-kleiderschrank-xl-9-tueren\/#primaryimage\"},\"thumbnailUrl\":\"https:\/\/stileuropa.com\/wp-content\/uploads\/2024\/08\/SEY000019-1.webp\",\"datePublished\":\"2025-11-19T20:33:35+00:00\",\"breadcrumb\":{\"@id\":\"https:\/\/stileuropa.com\/de\/produkt\/mass-kleiderschrank-xl-9-tueren\/#breadcrumb\"},\"inLanguage\":\"de\",\"potentialAction\":[{\"@type\":\"ReadAction\",\"target\":[\"https:\/\/stileuropa.com\/de\/produkt\/mass-kleiderschrank-xl-9-tueren\/\"]}]},{\"@type\":\"ImageObject\",\"inLanguage\":\"de\",\"@id\":\"https:\/\/stileuropa.com\/de\/produkt\/mass-kleiderschrank-xl-9-tueren\/#primaryimage\",\"url\":\"https:\/\/stileuropa.com\/wp-content\/uploads\/2024\/08\/SEY000019-1.webp\",\"contentUrl\":\"https:\/\/stileuropa.com\/wp-content\/uploads\/2024\/08\/SEY000019-1.webp\",\"width\":1600,\"height\":1066},{\"@type\":\"BreadcrumbList\",\"@id\":\"https:\/\/stileuropa.com\/de\/produkt\/mass-kleiderschrank-xl-9-tueren\/#breadcrumb\",\"itemListElement\":[{\"@type\":\"ListItem\",\"position\":1,\"name\":\"Home\",\"item\":\"https:\/\/stileuropa.com\/\"},{\"@type\":\"ListItem\",\"position\":2,\"name\":\"Shop\",\"item\":\"https:\/\/stileuropa.com\/de\/shop\/\"},{\"@type\":\"ListItem\",\"position\":3,\"name\":\"Mass Kleiderschrank XL, 9 T\u00fcren\"}]},{\"@type\":\"WebSite\",\"@id\":\"https:\/\/stileuropa.com\/#website\",\"url\":\"https:\/\/stileuropa.com\/\",\"name\":\"StilEuropa\",\"description\":\"\",\"publisher\":{\"@id\":\"https:\/\/stileuropa.com\/#organization\"},\"potentialAction\":[{\"@type\":\"SearchAction\",\"target\":{\"@type\":\"EntryPoint\",\"urlTemplate\":\"https:\/\/stileuropa.com\/?s={search_term_string}\"},\"query-input\":{\"@type\":\"PropertyValueSpecification\",\"valueRequired\":true,\"valueName\":\"search_term_string\"}}],\"inLanguage\":\"de\"},{\"@type\":\"Organization\",\"@id\":\"https:\/\/stileuropa.com\/#organization\",\"name\":\"StilEuropa\",\"url\":\"https:\/\/stileuropa.com\/\",\"logo\":{\"@type\":\"ImageObject\",\"inLanguage\":\"de\",\"@id\":\"https:\/\/stileuropa.com\/#\/schema\/logo\/image\/\",\"url\":\"https:\/\/stileuropa.com\/wp-content\/uploads\/2024\/08\/styleuropa-logo-black.webp\",\"contentUrl\":\"https:\/\/stileuropa.com\/wp-content\/uploads\/2024\/08\/styleuropa-logo-black.webp\",\"width\":501,\"height\":53,\"caption\":\"StilEuropa\"},\"image\":{\"@id\":\"https:\/\/stileuropa.com\/#\/schema\/logo\/image\/\"}}]}<\/script>\n<!-- \/ Yoast SEO plugin. -->","yoast_head_json":{"title":"Mass Kleiderschrank XL, 9 T\u00fcren - StilEuropa","robots":{"index":"index","follow":"follow","max-snippet":"max-snippet:-1","max-image-preview":"max-image-preview:large","max-video-preview":"max-video-preview:-1"},"canonical":"https:\/\/stileuropa.com\/de\/produkt\/mass-kleiderschrank-xl-9-tueren\/","og_locale":"de_DE","og_type":"article","og_title":"Mass Kleiderschrank XL, 9 T\u00fcren - StilEuropa","og_description":"Mass Kleiderschrank 6 T\u00fcren besteht aus einem Vier-T\u00fcren-, einem Zwei-T\u00fcren-, zwei Einzelt\u00fcr- und einem Eckmodul.","og_url":"https:\/\/stileuropa.com\/de\/produkt\/mass-kleiderschrank-xl-9-tueren\/","og_site_name":"StilEuropa","og_image":[{"width":1600,"height":1066,"url":"https:\/\/stileuropa.com\/wp-content\/uploads\/2024\/08\/SEY000019-1.webp","type":"image\/webp"}],"twitter_card":"summary_large_image","schema":{"@context":"https:\/\/schema.org","@graph":[{"@type":"WebPage","@id":"https:\/\/stileuropa.com\/de\/produkt\/mass-kleiderschrank-xl-9-tueren\/","url":"https:\/\/stileuropa.com\/de\/produkt\/mass-kleiderschrank-xl-9-tueren\/","name":"Mass Kleiderschrank XL, 9 T\u00fcren - StilEuropa","isPartOf":{"@id":"https:\/\/stileuropa.com\/#website"},"primaryImageOfPage":{"@id":"https:\/\/stileuropa.com\/de\/produkt\/mass-kleiderschrank-xl-9-tueren\/#primaryimage"},"image":{"@id":"https:\/\/stileuropa.com\/de\/produkt\/mass-kleiderschrank-xl-9-tueren\/#primaryimage"},"thumbnailUrl":"https:\/\/stileuropa.com\/wp-content\/uploads\/2024\/08\/SEY000019-1.webp","datePublished":"2025-11-19T20:33:35+00:00","breadcrumb":{"@id":"https:\/\/stileuropa.com\/de\/produkt\/mass-kleiderschrank-xl-9-tueren\/#breadcrumb"},"inLanguage":"de","potentialAction":[{"@type":"ReadAction","target":["https:\/\/stileuropa.com\/de\/produkt\/mass-kleiderschrank-xl-9-tueren\/"]}]},{"@type":"ImageObject","inLanguage":"de","@id":"https:\/\/stileuropa.com\/de\/produkt\/mass-kleiderschrank-xl-9-tueren\/#primaryimage","url":"https:\/\/stileuropa.com\/wp-content\/uploads\/2024\/08\/SEY000019-1.webp","contentUrl":"https:\/\/stileuropa.com\/wp-content\/uploads\/2024\/08\/SEY000019-1.webp","width":1600,"height":1066},{"@type":"BreadcrumbList","@id":"https:\/\/stileuropa.com\/de\/produkt\/mass-kleiderschrank-xl-9-tueren\/#breadcrumb","itemListElement":[{"@type":"ListItem","position":1,"name":"Home","item":"https:\/\/stileuropa.com\/"},{"@type":"ListItem","position":2,"name":"Shop","item":"https:\/\/stileuropa.com\/de\/shop\/"},{"@type":"ListItem","position":3,"name":"Mass Kleiderschrank XL, 9 T\u00fcren"}]},{"@type":"WebSite","@id":"https:\/\/stileuropa.com\/#website","url":"https:\/\/stileuropa.com\/","name":"StilEuropa","description":"","publisher":{"@id":"https:\/\/stileuropa.com\/#organization"},"potentialAction":[{"@type":"SearchAction","target":{"@type":"EntryPoint","urlTemplate":"https:\/\/stileuropa.com\/?s={search_term_string}"},"query-input":{"@type":"PropertyValueSpecification","valueRequired":true,"valueName":"search_term_string"}}],"inLanguage":"de"},{"@type":"Organization","@id":"https:\/\/stileuropa.com\/#organization","name":"StilEuropa","url":"https:\/\/stileuropa.com\/","logo":{"@type":"ImageObject","inLanguage":"de","@id":"https:\/\/stileuropa.com\/#\/schema\/logo\/image\/","url":"https:\/\/stileuropa.com\/wp-content\/uploads\/2024\/08\/styleuropa-logo-black.webp","contentUrl":"https:\/\/stileuropa.com\/wp-content\/uploads\/2024\/08\/styleuropa-logo-black.webp","width":501,"height":53,"caption":"StilEuropa"},"image":{"@id":"https:\/\/stileuropa.com\/#\/schema\/logo\/image\/"}}]}},"_links":{"self":[{"href":"https:\/\/stileuropa.com\/de\/wp-json\/wp\/v2\/product\/31954","targetHints":{"allow":["GET"]}}],"collection":[{"href":"https:\/\/stileuropa.com\/de\/wp-json\/wp\/v2\/product"}],"about":[{"href":"https:\/\/stileuropa.com\/de\/wp-json\/wp\/v2\/types\/product"}],"replies":[{"embeddable":true,"href":"https:\/\/stileuropa.com\/de\/wp-json\/wp\/v2\/comments?post=31954"}],"wp:featuredmedia":[{"embeddable":true,"href":"https:\/\/stileuropa.com\/de\/wp-json\/wp\/v2\/media\/7287"}],"wp:attachment":[{"href":"https:\/\/stileuropa.com\/de\/wp-json\/wp\/v2\/media?parent=31954"}],"wp:term":[{"taxonomy":"product_brand","embeddable":true,"href":"https:\/\/stileuropa.com\/de\/wp-json\/wp\/v2\/product_brand?post=31954"},{"taxonomy":"product_cat","embeddable":true,"href":"https:\/\/stileuropa.com\/de\/wp-json\/wp\/v2\/product_cat?post=31954"},{"taxonomy":"product_tag","embeddable":true,"href":"https:\/\/stileuropa.com\/de\/wp-json\/wp\/v2\/product_tag?post=31954"}],"curies":[{"name":"wp","href":"https:\/\/api.w.org\/{rel}","templated":true}]}}

Mass Kleiderschrank XL, 9 Türen

<p>Das umfangreiche Produktsortiment von Stileuropa vereint Stil und Komfort und spricht jeden Wohnbereich an. Luxuriöse Sofas, Betten, Bettkästen, Kleiderschränke und Tische werden aus hochwertigen Materialien hergestellt und zeichnen sich durch ihre langlebige Haltbarkeit aus. Unsere Produkte werden auf Bestellung gefertigt, in dem Bewusstsein, dass jede Bestellung eine neue Reise bedeutet. Alle unsere Produkte werden innerhalb von 3-5 Wochen nach Ihrer Bestellung mit kostenlosem Versand und Montage direkt zu Ihnen nach Hause geliefert. Bei Stileuropa sind wir stolz darauf, die besten Materialien und Designs anzubieten, um Ihre Wohnräume zu verschönern.</p>

<p>Mass Kleiderschrank 6 Türen besteht aus einem Vier-Türen-, einem Zwei-Türen-, zwei Einzeltür- und einem Eckmodul.</p>

<!-- This site is optimized with the Yoast SEO plugin v24.9 - https://yoast.com/wordpress/plugins/seo/ -->
<title>Mass Kleiderschrank XL, 9 Türen - StilEuropa</title>
<meta name="robots" content="index, follow, max-snippet:-1, max-image-preview:large, max-video-preview:-1" />
<link rel="canonical" href="https://stileuropa.com/de/produkt/mass-kleiderschrank-xl-9-tueren/" />
<meta property="og:locale" content="de_DE" />
<meta property="og:type" content="article" />
<meta property="og:title" content="Mass Kleiderschrank XL, 9 Türen - StilEuropa" />
<meta property="og:description" content="Mass Kleiderschrank 6 Türen besteht aus einem Vier-Türen-, einem Zwei-Türen-, zwei Einzeltür- und einem Eckmodul." />
<meta property="og:url" content="https://stileuropa.com/de/produkt/mass-kleiderschrank-xl-9-tueren/" />
<meta property="og:site_name" content="StilEuropa" />
<meta property="og:image" content="https://stileuropa.com/wp-content/uploads/2024/08/SEY000019-1.webp" />
	<meta property="og:image:width" content="1600" />
	<meta property="og:image:height" content="1066" />
	<meta property="og:image:type" content="image/webp" />
<meta name="twitter:card" content="summary_large_image" />
<script type="application/ld+json" class="yoast-schema-graph">{"@context":"https://schema.org","@graph":[{"@type":"WebPage","@id":"https://stileuropa.com/de/produkt/mass-kleiderschrank-xl-9-tueren/","url":"https://stileuropa.com/de/produkt/mass-kleiderschrank-xl-9-tueren/","name":"Mass Kleiderschrank XL, 9 Türen - StilEuropa","isPartOf":{"@id":"https://stileuropa.com/#website"},"primaryImageOfPage":{"@id":"https://stileuropa.com/de/produkt/mass-kleiderschrank-xl-9-tueren/#primaryimage"},"image":{"@id":"https://stileuropa.com/de/produkt/mass-kleiderschrank-xl-9-tueren/#primaryimage"},"thumbnailUrl":"https://stileuropa.com/wp-content/uploads/2024/08/SEY000019-1.webp","datePublished":"2025-11-19T20:33:35+00:00","breadcrumb":{"@id":"https://stileuropa.com/de/produkt/mass-kleiderschrank-xl-9-tueren/#breadcrumb"},"inLanguage":"de","potentialAction":[{"@type":"ReadAction","target":["https://stileuropa.com/de/produkt/mass-kleiderschrank-xl-9-tueren/"]}]},{"@type":"ImageObject","inLanguage":"de","@id":"https://stileuropa.com/de/produkt/mass-kleiderschrank-xl-9-tueren/#primaryimage","url":"https://stileuropa.com/wp-content/uploads/2024/08/SEY000019-1.webp","contentUrl":"https://stileuropa.com/wp-content/uploads/2024/08/SEY000019-1.webp","width":1600,"height":1066},{"@type":"BreadcrumbList","@id":"https://stileuropa.com/de/produkt/mass-kleiderschrank-xl-9-tueren/#breadcrumb","itemListElement":[{"@type":"ListItem","position":1,"name":"Home","item":"https://stileuropa.com/"},{"@type":"ListItem","position":2,"name":"Shop","item":"https://stileuropa.com/de/shop/"},{"@type":"ListItem","position":3,"name":"Mass Kleiderschrank XL, 9 Türen"}]},{"@type":"WebSite","@id":"https://stileuropa.com/#website","url":"https://stileuropa.com/","name":"StilEuropa","description":"","publisher":{"@id":"https://stileuropa.com/#organization"},"potentialAction":[{"@type":"SearchAction","target":{"@type":"EntryPoint","urlTemplate":"https://stileuropa.com/?s={search_term_string}"},"query-input":{"@type":"PropertyValueSpecification","valueRequired":true,"valueName":"search_term_string"}}],"inLanguage":"de"},{"@type":"Organization","@id":"https://stileuropa.com/#organization","name":"StilEuropa","url":"https://stileuropa.com/","logo":{"@type":"ImageObject","inLanguage":"de","@id":"https://stileuropa.com/#/schema/logo/image/","url":"https://stileuropa.com/wp-content/uploads/2024/08/styleuropa-logo-black.webp","contentUrl":"https://stileuropa.com/wp-content/uploads/2024/08/styleuropa-logo-black.webp","width":501,"height":53,"caption":"StilEuropa"},"image":{"@id":"https://stileuropa.com/#/schema/logo/image/"}}]}</script>
<!-- / Yoast SEO plugin. -->

Mass Kleiderschrank XL, 9 Türen - StilEuropa

Mass Kleiderschrank 6 Türen besteht aus einem Vier-Türen-, einem Zwei-Türen-, zwei Einzeltür- und einem Eckmodul.
